*c = -20, y + 2*c - o = 32. What are the prime factors of y?
2, 3
Suppose 131 + 134 = 5*o. Let z = o - 31. What are the prime factors of z?
2, 11
Let q = 1684 - 205. What are the prime factors of q?
3, 17, 29
Let z(j) = j**3 + 2*j**2 + j + 882. List the prime factors of z(0).
2, 3, 7
Suppose 0 = -f - 3*k - 1, -4*f + 9 = -0*f - k. Suppose n = z + 39, 0*n + f*z = -3*n + 107. List the prime factors of n.
37
Let p = 39 + -40. Let o(z) = 217*z**2 - 2*z - 1. What are the prime factors of o(p)?
2, 109
List the prime factors of 1 + ((-33446)/(0 + 7))/(-1).
3, 59
Let d = -43 - -49. Let b(y) = 6*y - 10. List the prime factors of b(d).
2, 13
Let t(k) = -453*k + 138. List the prime factors of t(-12).
2, 3, 929
Suppose -92*f - d + 12315 = -87*f, f + 5*d - 2463 = 0. What are the prime factors of f?
3, 821
Let g be 3 - (0 + (3 - (2 + 0))). Suppose 3*k = g*h + 867, h + 0*h = -3. What are the prime factors of k?
7, 41
Let g = -5 - -26. Suppose -3*p - 18 = g. Let x = 16 + p. List the prime factors of x.
3
Let j be 3 - (10 - 4 - 3). List the prime factors of j + 6*(-25)/(-15).
2, 5
Let x = -651 - -1882. List the prime factors of x.
1231
Let v(m) = 2*m**2 - 10*m - 7. Let j be v(6). Suppose -149 = -2*h + c, 4*h - 383 = -j*c - 64. What are the prime factors of h?
2, 19
Let f(p) = p**2 - 9. Let n be f(4). Let b(z) = -z**3 + 13*z**2 - 17*z + 1. What are the prime factors of b(n)?
2, 11
Suppose 7*u - 8*u + 33 = 0. Let f = u - -14. List the prime factors of f.
47
Let c(s) = 2*s + 7*s**2 + 32 - 66 + 28. List the prime factors of c(3).
3, 7
List the prime factors of ((-3)/(45/168))/(2/(-5)).
2, 7
Suppose -2*f + 110 + 406 = 4*w, -5*w + 3*f + 667 = 0. Let t = 0 + 2. Suppose t*a = 8, -5*s + w = 3*a - 4*a. What are the prime factors of s?
3
List the prime factors of ((-5849)/(-4))/((-50)/(-200)).
5849
Suppose 3*d = -q + 6753, -3*d + d = 4*q - 4492. What are the prime factors of d?
2, 563
Let u(r) be the second derivative of -r**3/3 + 4*r**2 - 37*r. Let s = -19 + 11. What are the prime factors of u(s)?
2, 3
Suppose 2*g + 39 = -5*d + 177, 4*d = -8. Let r = g + -18. What are the prime factors of r?
2, 7
Let i be (24/20)/(1/(-5)) + -2. Let f = i - -14. What are the prime factors of f?
2, 3
What are the prime factors of -366*((-2)/4 + 0)?
3, 61
List the prime factors of 1/4 + 294129/396.
743
Suppose 0 = -c + 78 + 4. Let g = 138 - c. Suppose 2*i - g = i. What are the prime factors of i?
2, 7
Let h = -46 - -61. Suppose h*d - 18*d + 498 = 0. List the prime factors of d.
2, 83
Let j be (-207)/11 + (6/(-33) - 0). Suppose 2*l = l - 26. Let r = j - l. List the prime factors of r.
7
Suppose 6*n - 8*n = -f + 3935, 3*n - 19727 = -5*f. List the prime factors of f.
3943
Let k be (-207 - -3)/((-1)/6). Suppose -15*h + 7*h + k = 0. List the prime factors of h.
3, 17
Let v(p) = p**3 - 13*p**2 - 8*p + 4. Let k be v(14). Suppose -4*x = -k - 52. List the prime factors of x.
5, 7
Let s = 5587 - 2807. What are the prime factors of s?
2, 5, 139
Let i(l) be the first derivative of l**4 - 7*l - 9. What are the prime factors of i(4)?
3, 83
List the prime factors of (15/(-1))/(-3) - -2180.
5, 19, 23
Suppose -5*a + i = -16299, 2*a = -i - i + 6522. What are the prime factors of a?
2, 5, 163
Suppose -4*b - 10 = b. Let f be 54/b + 1 - -3. What are the prime factors of (6 - 5)/((-1)/f)?
23
Suppose 5*p - 87 = f, -2*f = -f + 4*p + 42. Let m = f - -186. List the prime factors of m.
2, 31
Let k(w) = 11*w - 30. Let f be k(5). What are the prime factors of (-20)/f*(-52 + 0 + -3)?
2, 11
Let l(s) = 23*s - 43. Suppose 9*k - 36 = 3*k. List the prime factors of l(k).
5, 19
Let y(p) = 91*p + 474. List the prime factors of y(8).
2, 601
Let i(l) = -l - 18. Let z be i(-9). Let v be (z + 1)*(-5)/2. List the prime factors of ((-32)/(-5))/(4/v).
2
Let p = 45 - 42. Suppose w + 1190 = 5*d, p*d + 5*w = -77 + 791. List the prime factors of d.
2, 7, 17
Suppose -34 = 5*u - 364. Let o be (-2 - -10)*u/4. Suppose 0 = -6*c + 3*c - j + o, -44 = -c + j. What are the prime factors of c?
2, 11
What are the prime factors of 9/(-15) - (-4)/((-220)/(-86383))?
2, 5, 157
Let h = 4851 - 2901. List the prime factors of h.
2, 3, 5, 13
Suppose -5 = -2*z - 8*o + 3*o, 2*o - 2 = -4*z. Suppose -604 = -4*n - z*n. List the prime factors of n.
151
What are the prime factors of 43 - 49 - (-269 + 1)?
2, 131
Suppose 8*q = 3924 + 1916. List the prime factors of q.
2, 5, 73
Suppose 5*v - 275 + 95 = -5*f, -2*v - 162 = -4*f. Suppose -141*i + 6 = -138*i. Suppose f = i*u + u. What are the prime factors of u?
13
What are the prime factors of 2925/(-30)*(-32)/10?
2, 3, 13
Let j be (-3)/(-6) - (-34)/(-4). Suppose 0 = m - 13 + 17. What are the prime factors of m/j*-2 + 22?
3, 7
Suppose 19*y - 6642 = 13*y. List the prime factors of y.
3, 41
Suppose 0 = h + 2*r + 54, -39 - 20 = h + r. Let f = h - -224. What are the prime factors of f?
2, 5
Let k = -248 + 520. List the prime factors of k.
2, 17
Suppose -9*x + 42 = -6*x. Suppose d - 4 = -6. List the prime factors of 301/x + d/(-4).
2, 11
Suppose -2*c = 5*o - 7*o + 2, -4*c - 5*o = -23. Suppose -3*j - 10 = c*j. What are the prime factors of (-3)/6*-50 + j?
23
Let u be (4/2)/((-20)/(-120)). Suppose 2*k - a - 10 = 4*a, 3*k - a = 2. Suppose -b + k*b = -u. List the prime factors of b.
2, 3
Let s = -78 - -81. Suppose 2*k = -2*d + 220, -7*k = 3*d - s*k - 333. What are the prime factors of d?
107
Let k(z) = 4*z - 7. Let h(v) = -2*v + v**2 + 2 - 2 - 2 - 1. Let i be h(-2). What are the prime factors of k(i)?
13
Let i(v) = -4*v**3 + 4*v**2 + 6*v + 47. List the prime factors of i(-9).
53, 61
Suppose 10*j - 1534 = -644. List the prime factors of j.
89
Suppose -3*n + 3 - 12 = 0, -3*g - 2*n + 261 = 0. Suppose -5*o + 505 = -5*m, -2*o - g = -3*o - 5*m. List the prime factors of o.
3, 11
Suppose 25*j - 1117 = 34483. What are the prime factors of j?
2, 89
Let b(t) = 8*t + 14. Let o be b(6). Let z = o + -4. List the prime factors of z.
2, 29
Let w = -28 - -27. What are the prime factors of 92 + 3 + -4 - w/(-1)?
2, 3, 5
Suppose -4*k - 45 + 5 = 0. What are the prime factors of 322/8 + k/40?
2, 5
Let b(x) = x**2 - 35*x - 240. What are the prime factors of b(-19)?
2, 3, 131
Let r(j) = j**3 - 8*j + 14. Let d be r(3). Suppose -2*i + 6 + 62 = 0. List the prime factors of d/i*(-1 + 7).
3
Let i be (-7)/9 - 12/54. Let o be i/(3/(-52 - -1)). Suppose -16 = -g + o. What are the prime factors of g?
3, 11
Suppose -s + 66 = n, 10*s - 12*s + 196 = 3*n. List the prime factors of n.
2
Let k(p) = -133*p**3 + p**2 + 8*p + 4. What are the prime factors of k(-2)?
2, 3, 11
Suppose 4*w - 468 = -3*i, i - 625 = -3*i - 5*w. Suppose -9*x + 7*x = -i. List the prime factors of x.
2, 5
Let t(u) = 7*u - 3. Let q be t(2). Suppose i + 2*l + 5 = -9, i = l - q. What are the prime factors of (3 - i)/(3/5)?
5
Let k be (2 - 1) + 1*(-6)/(-2). What are the prime factors of (k/((-2)/(-1)))/((-6)/(-117))?
3, 13
Let y(p) = 2*p**2 - 40*p + 21. List the prime factors of y(27).
3, 7, 19
List the prime factors of (-1 - -643) + (-5 - -8).
3, 5, 43
Suppose -10575 = -5*t + 5*f, 4*f = 6*t - 7*t + 2110. List the prime factors of t.
2, 7, 151
Let s(w) = 4*w**2 - 14*w - 9. Let f be s(12). Suppose -f = -10*h + 291. List the prime factors of h.
3, 23
List the prime factors of ((-12168)/(-14))/(32/112).
2, 3, 13
Suppose -13*l = -8*l + 20, 4*c - 5*l = 5844. What are the prime factors of c?
2, 7, 13
Suppose w = 5*c + 4256, -4*c - 20352 = -7*w + 9595. What are the prime factors of w?
3, 1427
Let n = 31 + -27. Suppose 3*q - 245 = -n*r, -4*r - 205 = -q - 2*q. List the prime factors of q.
3, 5
Let j = 12 - 8. Suppose 2*n - 5*n + 19 = j*r, 2*r - 9 = -n. What are the prime factors of 27/3 + n*-3?
2, 3
List the prime factors of -4*539*6/(-24).
7, 11
Let d(j) = 5*j**2 - 2*j - 202. What are the prime factors of d(-11)?
5, 17
Let g(a) = 4 - 2*a**2 - 6 + 7 - 3*a. What are the prime factors of g(0)?
5
Let p be ((-15)/20 - -2)*12. What are the prime factors of (p/(-2))/(42/(-56))?
2, 5
Let m(h) = h - 19. Let y be m(19). Suppose 5*u - 279 - 121 = y. What are the prime factors of u?
2, 5
Let d = 3447 - -607. List the prime factors of d.
2, 2027
Let j = 56 - 44. List the prime factors of 97 - (44/16 - (-3)/j).
2, 47
Suppose 0*r + 920 = 5*r. Let m = r + -97. List the prime factors of m.
3, 29
Suppose 3*w = s + 19 + 